mon factor of o and 114.
114
Suppose -41*f - 19*f + 630 = 3*f. Calculate the greatest common divisor of 1810 and f.
10
Let l = -24574 + 24607. Let f = 4 + -1. Calculate the highest common factor of l and f.
3
Let l(p) = -6*p**2 - 410*p - 16. Let v be l(-68). What is the highest common divisor of v and 2360?
40
Let n = -267 - -435. Suppose 3*w + 5*l = n, -25 = -2*l - 19. What is the greatest common divisor of 3 and w?
3
Let x = -12324 - -12688. Let v be (-316)/(-6) - (-4)/(-6). What is the highest common divisor of x and v?
52
Let u(p) = 10*p**2 - 91*p + 1885. Let o be u(39). What is the highest common divisor of 130 and o?
26
Let m be -3 + -1 + -1 + (1 - 6). Let l be (-2)/(-4)*(m - -18). Calculate the greatest common factor of 32 and l.
4
Let k = -1130 - -1236. Let t = 118 + -44. Suppose -k - t = -2*z. Calculate the highest common factor of 18 and z.
18
Let w(l) = -l**3 + 2*l**2 - 3*l + 9. Let r be w(2). Suppose 160 - 56 = r*d + 2*f, -d - 4*f = -38. What is the highest common factor of d and 272?
34
Let y be (126/(-70)*2)/((-2)/3835). Calculate the greatest common factor of y and 39.
39
Let y(z) = 5*z + 94. Let k(c) = -11*c - 185. Let t(v) = 2*k(v) + 5*y(v). Let h be t(-17). What is the greatest common divisor of h and 49?
49
Let p(c) = c**2 + 57*c + 1942. Let z be p(-34). Calculate the highest common factor of 760 and z.
40
Suppose -2*p = 2*p - 108. Let c be 6/p + 28/(-18)*-5. Suppose 24 = g + c. What is the greatest common divisor of 176 and g?
16
Let f be 1/(3/(-12)) + 5 + 11. Let o(s) = 3*s**2 - 35*s + 86. Let h be o(f). Calculate the highest common factor of 14 and h.
14
Let g be (27068/(-606))/(2/(-51)). What is the greatest common factor of g and 603?
67
Let l(b) = 3*b + b**2 - 3*b + 3*b + 5. Let p be l(-3). Suppose -279 = -p*d - 39. What is the highest common divisor of d and 32?
16
Let x(t) = -2*t - 10. Let s = -14 - -9. Let r be x(s). Suppose 5*n + 4*i = 400, r = 5*n - 2*i - i - 435. Calculate the highest common factor of n and 12.
12
Let m = -20872 + 29287. What is the highest common factor of m and 315?
45
Suppose 168 = 3*w + 369*g - 368*g, -g + 278 = 5*w. Let f(h) = 3*h**2 - 8*h + 5. Let l be f(-10). Calculate the greatest common divisor of w and l.
55
Let w(o) = 443*o + 4712. Let y be w(-10). What is the greatest common divisor of 6909 and y?
141
Suppose 4*t - 133 = 2*t - 3*s, 3*t + 3*s - 207 = 0. Let d = 99 - t. Calculate the greatest common divisor of 425 and d.
25
Let n = -813 - -2082. Calculate the greatest common divisor of 81 and n.
27
Let b(r) = 16 + 8*r**2 + 19*r - r - 9*r. Let k be b(4). Calculate the highest common divisor of 450 and k.
90
Let n(w) be the second derivative of -w**4/6 + 2*w**3/3 + w**2/2 - 19*w. Let a be n(4). Let x = a - -34. Calculate the greatest common factor of x and 57.
19
Let u = 4527 + -3393. Calculate the greatest common divisor of u and 168.
42
Let c be 124*2 - 6/(12/(-2)). Suppose 0 = 242*z - c*z + 210. What is the greatest common divisor of 150 and z?
30
Suppose -2*x + k = -3354, -30 = 42*k - 37*k. Calculate the highest common factor of x and 783.
27
Let m(j) = 2*j**2 - 10 - 4 - 10*j + 12*j + 0*j. Let p be m(0). Let o be (p*(-3)/(-24))/(2/(-40)). What is the highest common factor of 14 and o?
7
Let z(m) = 110*m - 3210. Let w be z(66). What is the greatest common factor of 150 and w?
150
Suppose 231*x = 233*x - 246. Let i = x + -119. Calculate the highest common factor of i and 34.
2
Suppose 2*p = m + 719, -6*p = -5*m + 228 - 2391. What is the greatest common divisor of 4117 and p?
179
Suppose -5*q = -2876 + 901. Suppose -k - 115 + q = 0. Calculate the greatest common divisor of 35 and k.
35
Let m be 45 - -2 - (-2)/2. Let a = 2239 + -755. Suppose 20*l - a = 916. What is the highest common divisor of m and l?
24
Let i(v) = 2*v**2 - 31*v + 137. Let p be i(9). What is the highest common divisor of 6220 and p?
20
Let f be 17 + -2*5/(-10). Let i be (1 + (0 - -5))*2. Suppose -i = b - 48. What is the highest common divisor of b and f?
18
Suppose -29*i = 28*i - 2565. Suppose 0 = 5*p + k - i, 3*p - 6*k - 45 = -3*k. Calculate the greatest common divisor of p and 1270.
10
Let s be 10 + -3 + 6/(-3). Suppose s*o - 444 = -94. Let z be (1 - -1)/(28/o). Calculate the greatest common factor of 25 and z.
5
Let w = -231 + 243. Let c be -9*((-44)/(-12) + -4). Suppose c*o = 5*g - 297, 4*g - o = -6*o + 245. Calculate the highest common divisor of g and w.
12
Suppose -3*j - l + 1685 = 0, -j + 4*l + 506 = -60. Suppose -2*y = -d - 60 + 332, 2*d + 5*y - j = 0. Calculate the greatest common divisor of d and 6.
6
Suppose 21*h - 22*h + 12 = 0. Suppose -5*g + 0*c - 2*c - 1 = 0, 4*c = -h. Let t = g + 17. What is the highest common factor of t and 6?
6
Let v be 19805/17*4/(-30)*(13 + -22). Calculate the greatest common divisor of 9 and v.
3
Suppose 5 = -k - 5*d, -k + 3*d = -42 + 23. Calculate the highest common factor of k and 1690.
10
Let n = 16081 - 15966. What is the highest common divisor of 9545 and n?
115
Suppose q + 82 = 4. Let i = q + 57. Let j be (-3 - i)*(-3)/(27/(-6)). Calculate the greatest common factor of 132 and j.
12
Suppose 47*h - 2*h = 23*h + 257510. What is the highest common factor of h and 5?
5
Let k be 3 + -3 - 5 - -313*(0 - -23). Calculate the greatest common factor of 66 and k.
66
Let z be (4/(48/(-153)))/((-18)/48). Let n = -18 + z. What is the highest common factor of 2 and n?
2
Let k = 4815 - 4804. Suppose -2*n + 914 = -0*g + 4*g, 3 = g. Calculate the greatest common divisor of n and k.
11
Let s be -3 + 209 - (164/205)/(2/5). Calculate the highest common factor of s and 28356.
204
Suppose 3*r - 4*m = 1108, r - 1473 = -3*r + m. What is the highest common factor of 96 and r?
16
Suppose 6*z - 9*z + 3*q - 789 = 0, -5*z = 2*q + 1343. Let w = z + 315. Suppose 0 = -d - 2, t + 2*d - 14 = -2*t. What is the greatest common factor of w and t?
6
Suppose 68*k - 153*k = -68*k - 3927. What is the greatest common divisor of 29568 and k?
231
Let k be -18*(-12 - 180/(-16))*18. Let t be 94/10 - (-8)/(-20). Calculate the greatest common divisor of t and k.
9
Let d be 5 - (-56)/(-42)*6/4. Suppose 5*p - 15 = -d*b, 8 = 4*p + 5*b - 4. Calculate the greatest common divisor of p and 21.
3
Suppose -4*r + 5*m = -27 - 2285, -2*m = 2*r - 1138. Let j = -235 + r. What is the greatest common factor of 26 and j?
26
Suppose -v + 1606 = 2*y - 2775, -3*y = 5*v - 21926. Calculate the greatest common factor of 535 and v.
107
Let i(n) = 4*n + 35. Suppose 13*d + 48 = -43. Let s be i(d). Suppose 3*g - 3*x + 185 = s*g, 3*x - 97 = -2*g. What is the highest common factor of g and 308?
44
Let q(y) be the first derivative of 19/3*y**3 - 1/4*y**4 + 23/2*y**2 - 20*y + 7. Let m be q(20). Calculate the greatest common factor of m and 120.
40
Let t = 3375 + -2900. Calculate the greatest common divisor of t and 295.
5
Let y(p) = 6*p + 136. Let i be y(-11). Suppose 98 = 4*h + 3*h. Calculate the greatest common divisor of h and i.
14
Let g(t) = t**3 + 7*t**2 + 4. Let l be g(-7). Suppose 3*j - l = 59. Suppose f + 13 - 203 = -3*h, -2*f = -2. What is the highest common factor of j and h?
21
Let z = 5 + -1. Suppose -z*n = -8*n. Suppose 0 = -n*a - 10*a + 1680. What is the greatest common factor of a and 12?
12
Suppose 104 = 3*x + 23. Suppose x = -2*j - 5*m, -26 = 5*j + 3*m - 6. Let u be (-59 + -3 + 4)/j. Calculate the highest common divisor of 145 and u.
29
Let n be (-6 - -22)*(6/(-12))/((-4)/8). Calculate the highest common factor of n and 16.
16
Let r(x) = -5*x + 56. Let m be r(11). Suppose -z - m = 0, 0*v = 4*v - 5*z - 1253. What is the highest common factor of 24 and v?
24
Let t = -4066 - -4094. Suppose d - 1064 = -3*d. What is the greatest common factor of t and d?
14
Suppose 2*w - 4*j - 457 - 193 = 0, -2*j + 2 = 0. Suppose -5*b + 813 = -w. Calculate the highest common factor of b and 57.
57
Let l be 22 + -9 - (5 - 4404). What is the greatest common divisor of l and 4?
4
Suppose -22*g - 5 = -93. Suppose -11*b + 9*b + 50 = -5*z, g*b + 4*z = 128. Let l be 2102/7 - 10/35. Calculate the greatest common divisor of l and b.
30
Let s(r) = r**2 + 2*r + 6. Let z be s(-4). Suppose -o - 10*a - 74 = -92, a - 139 = -5*o. What is the greatest common factor of o and z?
14
Let m be 345/3 + -3 + 1. Suppose -m - 55 = -3*p. Suppose 36*u + 1513 + 335 = 58*u. Calculat